{"id":6141,"date":"2016-09-29T15:20:38","date_gmt":"2016-09-29T15:20:38","guid":{"rendered":"http:\/\/www.moversbyfue.com\/?page_id=6141"},"modified":"2019-01-11T12:08:33","modified_gmt":"2019-01-11T11:08:33","slug":"primera-edicion","status":"publish","type":"page","link":"https:\/\/moversbyfue.com\/secciones\/primera-edicion\/","title":{"rendered":"Primera Edici\u00f3n"},"content":{"rendered":"<section class=\"l-section wpb_row height_medium\"><div class=\"l-section-h i-cf\"><div class=\"g-cols type_default\"><div class=\"vc_col-sm-12 wpb_column vc_column_container\"><div class=\"vc_column-inner\"><div class=\"wpb_wrapper\"><div class=\"wpb_text_column \"><div class=\"wpb_wrapper\">\n<h2 style=\"text-align: center;\"><strong><span style=\"color: #d42f43;\">UNIVERSIDAD DE FLORIDA CENTRAL (UCF)<\/span><br \/>\n<\/strong><\/h2>\n<p style=\"text-align: center;\"><span class=\"textoblanco18\"><span style=\"color: #333333; font-size: large;\">PRIMERA EDICI\u00d3N<\/span><\/span><\/p>\n<\/div> <\/div> [vc_empty_space height=\u00bb30px\u00bb]<div class=\"g-cols wpb_row type_default vc_inner \"><div class=\"vc_col-sm-6 wpb_column vc_column_container\"><div class=\"vc_column-inner\"><div class=\"wpb_wrapper\"><div class=\"wpb_text_column \"><div class=\"wpb_wrapper\">\n<p style=\"text-align: left;\">Para esta primera edici\u00f3n los 20 Movers seleccionados viajaron a Orlando para recibir una formaci\u00f3n exclusiva en la Universidad Central de Florida. De esta forma, desde la Fundaci\u00f3n Universidad-Empresa desarrollamos un programa de residencia internacional de cinco d\u00edas en colaboraci\u00f3n con la UCF para que los estudiantes pudiesen desarrollar una estrategia de negocio, as\u00ed como sus capacidades de liderazgo y negociaci\u00f3n.<\/p>\n<\/div> <\/div> <\/div><\/div><\/div><div class=\"vc_col-sm-6 wpb_column vc_column_container\"><div class=\"vc_column-inner\"><div class=\"wpb_wrapper\"><div class=\"wpb_text_column \"><div class=\"wpb_wrapper\"><p>La intenci\u00f3n de esta formaci\u00f3n intensiva era que nuestros seleccionados aplicasen con \u00e9xito sus roles profesionales en un futuro de la mano de los mejores expertos docentes reconocidos a nivel internacional.<\/p>\n<p>Adem\u00e1s de esta formaci\u00f3n, compuesta por varias sesiones de marketing, estrategias de negocio y liderazgo, los 20 Movers tuvieron la oportunidad de visitar Universal Studios y la sede central de la NASA, para complementar el viaje con una parte experiencial \u00fanica de la mano de grandes profesionales.<\/p><\/div> <\/div> <\/div><\/div><\/div><\/div>[vc_empty_space height=\u00bb30px\u00bb]<\/div><\/div><\/div><\/div><\/div><\/section><!-- Row Backgrounds --><div class=\"upb_bg_img\" data-ultimate-bg=\"url(https:\/\/moversbyfue.com\/secciones\/wp-content\/uploads\/2013\/05\/BACKGROUND3_opaci.png)\" data-image-id=\"id^6186|url^http:\/\/www.moversbyfue.com\/wp-content\/uploads\/2013\/05\/BACKGROUND3_opaci.png|caption^null|alt^null|title^background3_opaci|description^null\" data-ultimate-bg-style=\"vcpb-default\" data-bg-img-repeat=\"repeat\" data-bg-img-size=\"cover\" data-bg-img-position=\"\" data-parallx_sense=\"30\" data-bg-override=\"0\" data-bg_img_attach=\"scroll\" data-upb-overlay-color=\"\" data-upb-bg-animation=\"\" data-fadeout=\"\" data-bg-animation=\"left-animation\" data-bg-animation-type=\"h\" data-animation-repeat=\"repeat\" data-fadeout-percentage=\"30\" data-parallax-content=\"\" data-parallax-content-sense=\"30\" data-row-effect-mobile-disable=\"true\" data-img-parallax-mobile-disable=\"true\" data-rtl=\"false\"  data-custom-vc-row=\"\"  data-vc=\"5.0.1\"  data-is_old_vc=\"\"  data-theme-support=\"\"   data-overlay=\"false\" data-overlay-color=\"\" data-overlay-pattern=\"\" data-overlay-pattern-opacity=\"\" data-overlay-pattern-size=\"\"    ><\/div><section class=\"l-section wpb_row height_medium\"><div class=\"l-section-h i-cf\"><div class=\"g-cols type_default\"><div class=\"vc_col-sm-12 wpb_column vc_column_container\"><div class=\"vc_column-inner\"><div class=\"wpb_wrapper\">[vc_empty_space height=\u00bb30px\u00bb]<div class=\"wpb_text_column \"><div class=\"wpb_wrapper\">\n<h2 style=\"text-align: center;\"><strong><span style=\"color: #d42f43;\">ALUMNOS<\/span><br \/>\n<\/strong><\/h2>\n<\/div> <\/div> <div class=\"g-cols wpb_row type_default vc_inner \"><div class=\"vc_col-sm-2 wpb_column vc_column_container\"><div class=\"vc_column-inner\"><div class=\"wpb_wrapper\"><div class=\"w-image\"><div class=\"us-frame\"><img loading=\"lazy\" decoding=\"async\" width=\"174\" height=\"117\" src=\"https:\/\/moversbyfue.com\/secciones\/wp-content\/uploads\/2016\/09\/estela.jpg\" class=\"attachment-full size-full\" alt=\"Alumno movers by fue\" \/><\/div><\/div><div class=\"wpb_text_column \"><div class=\"wpb_wrapper\">\n<p style=\"text-align: center;\"><span style=\"font-size: small;\"><b><span style=\"color: #d42f43;\">Estela\u00a0Aus\u00edn<\/span><br \/>\n<\/b>Ingenier\u00eda Qu\u00edmica<\/span><\/p>\n<\/div> <\/div> <\/div><\/div><\/div><div class=\"vc_col-sm-2 wpb_column vc_column_container\"><div class=\"vc_column-inner\"><div class=\"wpb_wrapper\"><div class=\"w-image\"><div class=\"us-frame\"><img loading=\"lazy\" decoding=\"async\" width=\"174\" height=\"117\" src=\"https:\/\/moversbyfue.com\/secciones\/wp-content\/uploads\/2016\/09\/raul.jpg\" class=\"attachment-full size-full\" alt=\"Alumno movers by fue\" \/><\/div><\/div><div class=\"wpb_text_column \"><div class=\"wpb_wrapper\">\n<p style=\"text-align: center;\"><span style=\"font-size: small;\"><b><span style=\"color: #d42f43;\">Ra\u00fal Caba\u00f1as<\/span><br \/>\n<\/b>Ingenier\u00eda Industrial<\/span><\/p>\n<\/div> <\/div> <\/div><\/div><\/div><div class=\"vc_col-sm-2 wpb_column vc_column_container\"><div class=\"vc_column-inner\"><div class=\"wpb_wrapper\"><div class=\"w-image\"><div class=\"us-frame\"><img loading=\"lazy\" decoding=\"async\" width=\"174\" height=\"117\" src=\"https:\/\/moversbyfue.com\/secciones\/wp-content\/uploads\/2016\/09\/alba.jpg\" class=\"attachment-full size-full\" alt=\"Alumno movers by fue\" \/><\/div><\/div><div class=\"wpb_text_column \"><div class=\"wpb_wrapper\">\n<p style=\"text-align: center;\"><span style=\"font-size: small;\"><b><span style=\"color: #d42f43;\">Alba Mar\u00eda Carrasco<\/span><br \/>\n<\/b>Ingenier\u00eda Industrial<\/span><\/p>\n<\/div> <\/div> <\/div><\/div><\/div><div class=\"vc_col-sm-2 wpb_column vc_column_container\"><div class=\"vc_column-inner\"><div class=\"wpb_wrapper\"><div class=\"w-image\"><div class=\"us-frame\"><img loading=\"lazy\" decoding=\"async\" width=\"174\" height=\"117\" src=\"https:\/\/moversbyfue.com\/secciones\/wp-content\/uploads\/2016\/09\/marta.jpg\" class=\"attachment-full size-full\" alt=\"Alumno movers by fue\" \/><\/div><\/div><div class=\"wpb_text_column \"><div class=\"wpb_wrapper\">\n<p style=\"text-align: center;\"><span style=\"font-size: small;\"><b><span style=\"color: #d42f43;\">Marta Casta\u00f1o<\/span><br \/>\n<\/b>IS de Telecomunicaci\u00f3n<\/span><\/p>\n<\/div> <\/div> <\/div><\/div><\/div><div class=\"vc_col-sm-2 wpb_column vc_column_container\"><div class=\"vc_column-inner\"><div class=\"wpb_wrapper\"><div class=\"w-image\"><div class=\"us-frame\"><img loading=\"lazy\" decoding=\"async\" width=\"174\" height=\"117\" src=\"https:\/\/moversbyfue.com\/secciones\/wp-content\/uploads\/2016\/09\/emilio.jpg\" class=\"attachment-full size-full\" alt=\"Alumno movers by fue\" \/><\/div><\/div><div class=\"wpb_text_column \"><div class=\"wpb_wrapper\">\n<p style=\"text-align: center;\"><span style=\"font-size: small;\"><b><span style=\"color: #d42f43;\">Emilio Cholbi<\/span><br \/>\n<\/b>IS Aeron\u00e1utica<\/span><\/p>\n<\/div> <\/div> <\/div><\/div><\/div><div class=\"vc_col-sm-2 wpb_column vc_column_container\"><div class=\"vc_column-inner\"><div class=\"wpb_wrapper\"><div class=\"w-image\"><div class=\"us-frame\"><img loading=\"lazy\" decoding=\"async\" width=\"174\" height=\"117\" src=\"https:\/\/moversbyfue.com\/secciones\/wp-content\/uploads\/2016\/09\/carolina.jpg\" class=\"attachment-full size-full\" alt=\"Alumno movers by fue\" \/><\/div><\/div><div class=\"wpb_text_column \"><div class=\"wpb_wrapper\">\n<p style=\"text-align: center;\"><span style=\"font-size: small;\"><b><span style=\"color: #d42f43;\">Carolina Colmenares<\/span><br \/>\n<\/b>Farmacia<\/span><\/p>\n<\/div> <\/div> <\/div><\/div><\/div><\/div>[vc_empty_space height=\u00bb30px\u00bb]<div class=\"g-cols wpb_row type_default vc_inner \"><div class=\"vc_col-sm-2 wpb_column vc_column_container\"><div class=\"vc_column-inner\"><div class=\"wpb_wrapper\"><div class=\"w-image\"><div class=\"us-frame\"><img loading=\"lazy\" decoding=\"async\" width=\"174\" height=\"117\" src=\"https:\/\/moversbyfue.com\/secciones\/wp-content\/uploads\/2016\/09\/jorge.jpg\" class=\"attachment-full size-full\" alt=\"Alumno movers by fue\" \/><\/div><\/div><div class=\"wpb_text_column \"><div class=\"wpb_wrapper\">\n<p style=\"text-align: center;\"><span style=\"font-size: small;\"><b><span style=\"color: #d42f43;\">Jorge Corral<\/span><br \/>\n<\/b>Econom\u00eda<\/span><\/p>\n<\/div> <\/div> <\/div><\/div><\/div><div class=\"vc_col-sm-2 wpb_column vc_column_container\"><div class=\"vc_column-inner\"><div class=\"wpb_wrapper\"><div class=\"w-image\"><div class=\"us-frame\"><img loading=\"lazy\" decoding=\"async\" width=\"174\" height=\"117\" src=\"https:\/\/moversbyfue.com\/secciones\/wp-content\/uploads\/2016\/09\/guillermo.jpg\" class=\"attachment-full size-full\" alt=\"Alumno movers by fue\" \/><\/div><\/div><div class=\"wpb_text_column \"><div class=\"wpb_wrapper\">\n<p style=\"text-align: center;\"><span style=\"font-size: small;\"><b><span style=\"color: #d42f43;\">Guillermo Cosmen<\/span><br \/>\n<\/b>Ingenier\u00eda Industrial<\/span><\/p>\n<\/div> <\/div> <\/div><\/div><\/div><div class=\"vc_col-sm-2 wpb_column vc_column_container\"><div class=\"vc_column-inner\"><div class=\"wpb_wrapper\"><div class=\"w-image\"><div class=\"us-frame\"><img loading=\"lazy\" decoding=\"async\" width=\"174\" height=\"117\" src=\"https:\/\/moversbyfue.com\/secciones\/wp-content\/uploads\/2016\/09\/pilar.jpg\" class=\"attachment-full size-full\" alt=\"Alumno movers by fue\" \/><\/div><\/div><div class=\"wpb_text_column \"><div class=\"wpb_wrapper\">\n<p style=\"text-align: center;\"><span style=\"font-size: small;\"><b><span style=\"color: #d42f43;\">Pilar Dom\u00ednguez<\/span><br \/>\n<\/b>Derecho<\/span><\/p>\n<\/div> <\/div> <\/div><\/div><\/div><div class=\"vc_col-sm-2 wpb_column vc_column_container\"><div class=\"vc_column-inner\"><div class=\"wpb_wrapper\"><div class=\"w-image\"><div class=\"us-frame\"><img loading=\"lazy\" decoding=\"async\" width=\"174\" height=\"117\" src=\"https:\/\/moversbyfue.com\/secciones\/wp-content\/uploads\/2016\/09\/eva.jpg\" class=\"attachment-full size-full\" alt=\"Alumno movers by fue\" \/><\/div><\/div><div class=\"wpb_text_column \"><div class=\"wpb_wrapper\">\n<p style=\"text-align: center;\"><span style=\"font-size: small;\"><b><span style=\"color: #d42f43;\">Eva Mar\u00eda Espina<\/span><br \/>\n<\/b>Farmacia<\/span><\/p>\n<\/div> <\/div> <\/div><\/div><\/div><div class=\"vc_col-sm-2 wpb_column vc_column_container\"><div class=\"vc_column-inner\"><div class=\"wpb_wrapper\"><div class=\"w-image\"><div class=\"us-frame\"><img loading=\"lazy\" decoding=\"async\" width=\"174\" height=\"117\" src=\"https:\/\/moversbyfue.com\/secciones\/wp-content\/uploads\/2016\/09\/alberto.jpg\" class=\"attachment-full size-full\" alt=\"Alumno movers by fue\" \/><\/div><\/div><div class=\"wpb_text_column \"><div class=\"wpb_wrapper\">\n<p style=\"text-align: center;\"><span style=\"font-size: small;\"><b><span style=\"color: #d42f43;\">Alberto Gimeno<\/span><br \/>\n<\/b>IT Electr\u00f3nica Industrial<\/span><\/p>\n<\/div> <\/div> <\/div><\/div><\/div><div class=\"vc_col-sm-2 wpb_column vc_column_container\"><div class=\"vc_column-inner\"><div class=\"wpb_wrapper\"><div class=\"w-image\"><div class=\"us-frame\"><img loading=\"lazy\" decoding=\"async\" width=\"174\" height=\"117\" src=\"https:\/\/moversbyfue.com\/secciones\/wp-content\/uploads\/2016\/09\/carlos.jpg\" class=\"attachment-full size-full\" alt=\"Alumno movers by fue\" \/><\/div><\/div><div class=\"wpb_text_column \"><div class=\"wpb_wrapper\">\n<p style=\"text-align: center;\"><span style=\"font-size: small;\"><b><span style=\"color: #d42f43;\">Carlos Giner<\/span><br \/>\n<\/b>Psicolog\u00eda<\/span><\/p>\n<\/div> <\/div> <\/div><\/div><\/div><\/div>[vc_empty_space height=\u00bb30px\u00bb]<div class=\"g-cols wpb_row type_default vc_inner \"><div class=\"vc_col-sm-2 wpb_column vc_column_container\"><div class=\"vc_column-inner\"><div class=\"wpb_wrapper\"><div class=\"w-image\"><div class=\"us-frame\"><img loading=\"lazy\" decoding=\"async\" width=\"174\" height=\"117\" src=\"https:\/\/moversbyfue.com\/secciones\/wp-content\/uploads\/2016\/09\/laura.jpg\" class=\"attachment-full size-full\" alt=\"Alumno movers by fue\" \/><\/div><\/div><div class=\"wpb_text_column \"><div class=\"wpb_wrapper\">\n<p style=\"text-align: center;\"><span style=\"font-size: small;\"><b><span style=\"color: #d42f43;\">Laura Iglesias<\/span><br \/>\n<\/b>ADE<\/span><\/p>\n<\/div> <\/div> <\/div><\/div><\/div><div class=\"vc_col-sm-2 wpb_column vc_column_container\"><div class=\"vc_column-inner\"><div class=\"wpb_wrapper\"><div class=\"w-image\"><div class=\"us-frame\"><img loading=\"lazy\" decoding=\"async\" width=\"174\" height=\"117\" src=\"https:\/\/moversbyfue.com\/secciones\/wp-content\/uploads\/2016\/09\/mercedes.jpg\" class=\"attachment-full size-full\" alt=\"Alumno movers by fue\" \/><\/div><\/div><div class=\"wpb_text_column \"><div class=\"wpb_wrapper\">\n<p style=\"text-align: center;\"><span style=\"font-size: small;\"><b><span style=\"color: #d42f43;\">Mercedes Jim\u00e9nez<\/span><br \/>\n<\/b>ADE<\/span><\/p>\n<\/div> <\/div> <\/div><\/div><\/div><div class=\"vc_col-sm-2 wpb_column vc_column_container\"><div class=\"vc_column-inner\"><div class=\"wpb_wrapper\"><div class=\"w-image\"><div class=\"us-frame\"><img loading=\"lazy\" decoding=\"async\" width=\"174\" height=\"117\" src=\"https:\/\/moversbyfue.com\/secciones\/wp-content\/uploads\/2016\/09\/cintia.jpg\" class=\"attachment-full size-full\" alt=\"Alumno movers by fue\" \/><\/div><\/div><div class=\"wpb_text_column \"><div class=\"wpb_wrapper\">\n<p style=\"text-align: center;\"><span style=\"font-size: small;\"><b><span style=\"color: #d42f43;\">Cynthia Marquez<\/span><br \/>\n<\/b>IT de Dise\u00f1o Industrial<\/span><\/p>\n<\/div> <\/div> <\/div><\/div><\/div><div class=\"vc_col-sm-2 wpb_column vc_column_container\"><div class=\"vc_column-inner\"><div class=\"wpb_wrapper\"><div class=\"w-image\"><div class=\"us-frame\"><img loading=\"lazy\" decoding=\"async\" width=\"174\" height=\"117\" src=\"https:\/\/moversbyfue.com\/secciones\/wp-content\/uploads\/2016\/09\/andrea.jpg\" class=\"attachment-full size-full\" alt=\"Alumno movers by fue\" \/><\/div><\/div><div class=\"wpb_text_column \"><div class=\"wpb_wrapper\">\n<p style=\"text-align: center;\"><span style=\"font-size: small;\"><b><span style=\"color: #d42f43;\">Andrea Polvorosa<\/span><br \/>\n<\/b>Ingenier\u00eda Geol\u00f3gica<\/span><\/p>\n<\/div> <\/div> <\/div><\/div><\/div><div class=\"vc_col-sm-2 wpb_column vc_column_container\"><div class=\"vc_column-inner\"><div class=\"wpb_wrapper\"><div class=\"w-image\"><div class=\"us-frame\"><img loading=\"lazy\" decoding=\"async\" width=\"174\" height=\"117\" src=\"https:\/\/moversbyfue.com\/secciones\/wp-content\/uploads\/2016\/09\/nelida.jpg\" class=\"attachment-full size-full\" alt=\"Alumno movers by fue\" \/><\/div><\/div><div class=\"wpb_text_column \"><div class=\"wpb_wrapper\">\n<p style=\"text-align: center;\"><span style=\"font-size: small;\"><b><span style=\"color: #d42f43;\">N\u00e9lida Quince<\/span><br \/>\n<\/b>Ingenier\u00eda Qu\u00edmica<\/span><\/p>\n<\/div> <\/div> <\/div><\/div><\/div><div class=\"vc_col-sm-2 wpb_column vc_column_container\"><div class=\"vc_column-inner\"><div class=\"wpb_wrapper\"><div class=\"w-image\"><div class=\"us-frame\"><img loading=\"lazy\" decoding=\"async\" width=\"174\" height=\"117\" src=\"https:\/\/moversbyfue.com\/secciones\/wp-content\/uploads\/2016\/09\/valeria.jpg\" class=\"attachment-full size-full\" alt=\"Alumno movers by fue\" \/><\/div><\/div><div class=\"wpb_text_column \"><div class=\"wpb_wrapper\">\n<p style=\"text-align: center;\"><span style=\"font-size: small;\"><b><span style=\"color: #d42f43;\">Valeria Rasquin<\/span><br \/>\n<\/b>ADE<\/span><\/p>\n<\/div> <\/div> <\/div><\/div><\/div><\/div><div class=\"g-cols wpb_row type_default vc_inner  vc_custom_1484067168214\"><div class=\"vc_col-sm-2 wpb_column vc_column_container\"><div class=\"vc_column-inner\"><div class=\"wpb_wrapper\"><\/div><\/div><\/div><div class=\"vc_col-sm-2 wpb_column vc_column_container\"><div class=\"vc_column-inner\"><div class=\"wpb_wrapper\"><\/div><\/div><\/div><div class=\"vc_col-sm-2 wpb_column vc_column_container\"><div class=\"vc_column-inner\"><div class=\"wpb_wrapper\"><div class=\"w-image\"><div class=\"us-frame\"><img loading=\"lazy\" decoding=\"async\" width=\"174\" height=\"117\" src=\"https:\/\/moversbyfue.com\/secciones\/wp-content\/uploads\/2016\/09\/maria.jpg\" class=\"attachment-full size-full\" alt=\"Alumno movers by fue\" \/><\/div><\/div><div class=\"wpb_text_column \"><div class=\"wpb_wrapper\">\n<p style=\"text-align: center;\"><span style=\"font-size: small;\"><b><span style=\"color: #d42f43;\">Mar\u00eda Smith<\/span><br \/>\n<\/b>ADE<\/span><\/p>\n<\/div> <\/div> <\/div><\/div><\/div><div class=\"vc_col-sm-2 wpb_column vc_column_container\"><div class=\"vc_column-inner\"><div class=\"wpb_wrapper\"><div class=\"w-image\"><div class=\"us-frame\"><img loading=\"lazy\" decoding=\"async\" width=\"174\" height=\"117\" src=\"https:\/\/moversbyfue.com\/secciones\/wp-content\/uploads\/2016\/09\/alejandra.jpg\" class=\"attachment-full size-full\" alt=\"Alumno movers by fue\" \/><\/div><\/div><div class=\"wpb_text_column \"><div class=\"wpb_wrapper\">\n<p style=\"text-align: center;\"><span style=\"font-size: small;\"><b><span style=\"color: #d42f43;\">Alejandra Wolhmeyer<\/span><br \/>\n<\/b>Derecho y Econom\u00eda<\/span><\/p>\n<\/div> <\/div> <\/div><\/div><\/div><div class=\"vc_col-sm-2 wpb_column vc_column_container\"><div class=\"vc_column-inner\"><div class=\"wpb_wrapper\"><\/div><\/div><\/div><div class=\"vc_col-sm-2 wpb_column vc_column_container\"><div class=\"vc_column-inner\"><div class=\"wpb_wrapper\"><\/div><\/div><\/div><\/div>[vc_empty_space height=\u00bb10px\u00bb]<\/div><\/div><\/div><\/div><\/div><\/section><!-- Row Backgrounds --><div class=\"upb_color\" data-bg-override=\"0\" data-bg-color=\"#f4f4f4\" data-fadeout=\"\" data-fadeout-percentage=\"30\" data-parallax-content=\"\" data-parallax-content-sense=\"30\" data-row-effect-mobile-disable=\"true\" data-img-parallax-mobile-disable=\"true\" data-rtl=\"false\"  data-custom-vc-row=\"\"  data-vc=\"5.0.1\"  data-is_old_vc=\"\"  data-theme-support=\"\"   data-overlay=\"false\" data-overlay-color=\"\" data-overlay-pattern=\"\" data-overlay-pattern-opacity=\"\" data-overlay-pattern-size=\"\"    ><\/div>\n","protected":false},"excerpt":{"rendered":"UNIVERSIDAD DE FLORIDA CENTRAL (UCF) PRIMERA EDICI\u00d3N [vc_empty_space height=\"30px\"] Para esta primera edici\u00f3n los 20 Movers seleccionados viajaron a Orlando para recibir una formaci\u00f3n exclusiva en la...","protected":false},"author":1,"featured_media":0,"parent":0,"menu_order":0,"comment_status":"closed","ping_status":"closed","template":"","meta":{"footnotes":""},"_links":{"self":[{"href":"https:\/\/moversbyfue.com\/secciones\/wp-json\/wp\/v2\/pages\/6141"}],"collection":[{"href":"https:\/\/moversbyfue.com\/secciones\/wp-json\/wp\/v2\/pages"}],"about":[{"href":"https:\/\/moversbyfue.com\/secciones\/wp-json\/wp\/v2\/types\/page"}],"author":[{"embeddable":true,"href":"https:\/\/moversbyfue.com\/secciones\/wp-json\/wp\/v2\/users\/1"}],"replies":[{"embeddable":true,"href":"https:\/\/moversbyfue.com\/secciones\/wp-json\/wp\/v2\/comments?post=6141"}],"version-history":[{"count":9,"href":"https:\/\/moversbyfue.com\/secciones\/wp-json\/wp\/v2\/pages\/6141\/revisions"}],"predecessor-version":[{"id":6757,"href":"https:\/\/moversbyfue.com\/secciones\/wp-json\/wp\/v2\/pages\/6141\/revisions\/6757"}],"wp:attachment":[{"href":"https:\/\/moversbyfue.com\/secciones\/wp-json\/wp\/v2\/media?parent=6141"}],"curies":[{"name":"wp","href":"https:\/\/api.w.org\/{rel}","templated":true}]}}