{"id":6038,"date":"2016-09-23T10:49:50","date_gmt":"2016-09-23T10:49:50","guid":{"rendered":"http:\/\/www.moversbyfue.com\/?page_id=6038"},"modified":"2024-09-26T11:47:34","modified_gmt":"2024-09-26T09:47:34","slug":"empresa","status":"publish","type":"page","link":"https:\/\/moversbyfue.com\/secciones\/empresa\/","title":{"rendered":"Si eres una empresa"},"content":{"rendered":"<section class=\"l-section wpb_row height_auto width_full color_custom\" style=\"background-color: #e3e3e3;\"><div class=\"l-section-h i-cf\"><div class=\"g-cols type_boxes\"><div class=\"vc_col-sm-6 wpb_column vc_column_container vc_col-has-fill boxvideo\"><div class=\"vc_column-inner  vc_custom_1486045006613\"><div class=\"wpb_wrapper\"><div class=\"w-video ratio_16x9 videomov\"><div class=\"w-video-h\"><iframe loading=\"lazy\" width=\"420\" height=\"315\" src=\"\/\/www.youtube.com\/embed\/EjG4jGGTO_Y?rel=0\" allowfullscreen><\/iframe><\/div><\/div><\/div><\/div><\/div><div class=\"vc_col-sm-6 wpb_column vc_column_container vc_col-has-fill\"><div class=\"vc_column-inner  vc_custom_1474629537984\"><div class=\"wpb_wrapper\">[vc_custom_heading text=\u00bbAY\u00daDANOS\u00bb font_container=\u00bbtag:div|font_size:55px|text_align:center|color:%23ff2b58|line_height:1.3&#8243; use_theme_fonts=\u00bbyes\u00bb][vc_empty_space]<div class=\"wpb_text_column \"><div class=\"wpb_wrapper\"><p>\u00a1AY\u00daDANOS A IDENTIFICAR A LOS ESTUDIANTES QUE DESTAQUEN POR SU IMPLICACI\u00d3N Y SU ESFUERZO DIARIO EN VUESTRA EMPRESA, AQUELLOS QUE PUEDAN FORMAR PARTE DE MOVERS BY FUE, PARA QUE PUEDAN VIVIR ESTA GRAN OPORTUNIDAD!<\/p><\/div> <\/div> <\/div><\/div><\/div><\/div><\/div><\/section><section class=\"l-section wpb_row height_auto color_custom with_img\" style=\"background-color: #e1e1df;\"><div class=\"l-section-img\" style=\"background-image: url(https:\/\/moversbyfue.com\/secciones\/wp-content\/uploads\/2016\/09\/empresa22.png);background-position: bottom left;background-repeat: no-repeat;background-size: initial;\" data-img-width=\"851\" data-img-height=\"535\"><\/div><div class=\"l-section-h i-cf\"><div class=\"g-cols type_default\"><div class=\"vc_col-sm-6 wpb_column vc_column_container\"><div class=\"vc_column-inner\"><div class=\"wpb_wrapper\">[vc_empty_space height=\u00bb80px\u00bb]<div class=\"wpb_text_column \"><div class=\"wpb_wrapper\">\n<h2 style=\"color: #d42f43;\"><strong>PREGUNTAS FRECUENTES<\/strong><\/h2>\n<\/div> <\/div> <\/div><\/div><\/div><div class=\"vc_col-sm-6 wpb_column vc_column_container\"><div class=\"vc_column-inner\"><div class=\"wpb_wrapper\">[vc_empty_space height=\u00bb80px\u00bb]<div class=\"w-tabs layout_default accordion title_left icon_chevron iconpos_right \"><div class=\"w-tabs-list items_7\"><div class=\"w-tabs-list-h\"><div class=\"w-tabs-item active\"><a href=\"#1555339213999-7b80a0de-de0b\" class=\"w-tabs-item-h\"><span class=\"w-tabs-item-title\">Movers by FUE reconoce<\/span><\/a><\/div>\n<div class=\"w-tabs-item\"><a href=\"#1555339214013-cfac99e2-fdd1\" class=\"w-tabs-item-h\"><span class=\"w-tabs-item-title\">\u00bfQu\u00e9 significa participar en esta iniciativa?<\/span><\/a><\/div>\n<div class=\"w-tabs-item\"><a href=\"#1555339214027-494866f5-d11e\" class=\"w-tabs-item-h\"><span class=\"w-tabs-item-title\">\u00bfQui\u00e9n financia esta iniciativa? <\/span><\/a><\/div>\n<div class=\"w-tabs-item\"><a href=\"#1555339214041-4702ebe3-6716\" class=\"w-tabs-item-h\"><span class=\"w-tabs-item-title\">\u00bfSobre qu\u00e9 tratar\u00e1 esta experiencia?<\/span><\/a><\/div>\n<div class=\"w-tabs-item\"><a href=\"#1555339214057-f189582d-eae8\" class=\"w-tabs-item-h\"><span class=\"w-tabs-item-title\">\u00bfQu\u00e9 hay que hacer para proponer a uno de nuestros estudiantes en pr\u00e1cticas como MOVER? <\/span><\/a><\/div>\n<div class=\"w-tabs-item\"><a href=\"#1555339214071-03eb7ba3-43df\" class=\"w-tabs-item-h\"><span class=\"w-tabs-item-title\">\u00bfQu\u00e9 requisitos deben cumplir los MOVERS? <\/span><\/a><\/div>\n<div class=\"w-tabs-item\"><a href=\"#1555339214087-9cc93832-841b\" class=\"w-tabs-item-h\"><span class=\"w-tabs-item-title\">\u00bfQu\u00e9 tiempo hay para presentar una candidatura? <\/span><\/a><\/div>\n<\/div><\/div><div class=\"w-tabs-sections\"><div class=\"w-tabs-sections-h\"><div class=\"w-tabs-section active\" id=\"1555339213999-7b80a0de-de0b\"><a href=\"#1555339213999-7b80a0de-de0b\" class=\"w-tabs-section-header\"><div class=\"w-tabs-section-header-h\"><h5 class=\"w-tabs-section-title\">Movers by FUE reconoce<\/h5><div class=\"w-tabs-section-control\"><\/div><\/div><\/a><div class=\"w-tabs-section-content\"><div class=\"w-tabs-section-content-h i-cf\"><div class=\"wpb_text_column \"><div class=\"wpb_wrapper\"><p>Es una iniciativa que reconoce la actitud de aquellos alumnos que, durante su periodo de pr\u00e1cticas en la empresa y a lo largo de su itinerario formativo, han demostrado tener ganas de mover el mundo.<\/p><\/div> <\/div> <\/div><\/div><\/div><div class=\"w-tabs-section\" id=\"1555339214013-cfac99e2-fdd1\"><a href=\"#1555339214013-cfac99e2-fdd1\" class=\"w-tabs-section-header\"><div class=\"w-tabs-section-header-h\"><h5 class=\"w-tabs-section-title\">\u00bfQu\u00e9 significa participar en esta iniciativa?<\/h5><div class=\"w-tabs-section-control\"><\/div><\/div><\/a><div class=\"w-tabs-section-content\"><div class=\"w-tabs-section-content-h i-cf\"><div class=\"wpb_text_column \"><div class=\"wpb_wrapper\"><p>Significa acceder a una experiencia \u00fanica que s\u00f3lo unos pocos reci\u00e9n titulados han tenido la oportunidad de disfrutar hasta el momento. Para las empresas significa contar con un estudiante en pr\u00e1cticas que no solo tiene un perfil diferencial, sino que, adem\u00e1s, ha sido reconocido por su esfuerzo y dedicaci\u00f3n entre sus m\u00e1s de 2000 compa\u00f1eros.<\/p><\/div> <\/div> <\/div><\/div><\/div><div class=\"w-tabs-section\" id=\"1555339214027-494866f5-d11e\"><a href=\"#1555339214027-494866f5-d11e\" class=\"w-tabs-section-header\"><div class=\"w-tabs-section-header-h\"><h5 class=\"w-tabs-section-title\">\u00bfQui\u00e9n financia esta iniciativa? <\/h5><div class=\"w-tabs-section-control\"><\/div><\/div><\/a><div class=\"w-tabs-section-content\"><div class=\"w-tabs-section-content-h i-cf\"><div class=\"wpb_text_column \"><div class=\"wpb_wrapper\"><p>La Fundaci\u00f3n Universidad-Empresa, junto a la estrecha colaboraci\u00f3n de Fundaci\u00f3n Rafael del Pino, son las encargadas de financiar esta iniciativa que premia la excelencia y el entusiasmo del talento joven.<\/p><\/div> <\/div> <\/div><\/div><\/div><div class=\"w-tabs-section\" id=\"1555339214041-4702ebe3-6716\"><a href=\"#1555339214041-4702ebe3-6716\" class=\"w-tabs-section-header\"><div class=\"w-tabs-section-header-h\"><h5 class=\"w-tabs-section-title\">\u00bfSobre qu\u00e9 tratar\u00e1 esta experiencia?<\/h5><div class=\"w-tabs-section-control\"><\/div><\/div><\/a><div class=\"w-tabs-section-content\"><div class=\"w-tabs-section-content-h i-cf\"><div class=\"wpb_text_column \"><div class=\"wpb_wrapper\"><p>Cada edici\u00f3n de Movers by FUE cuenta con un programa ad hoc. En esta edici\u00f3n, contaremos con el programa C4t, dise\u00f1ado por la Fundaci\u00f3n Rafael del Pino. C4t constituye una experiencia \u00fanica sobre liderazgo, emprendimiento y entornos de innovaci\u00f3n desarrollada en universidades y corporaciones de referencia.<\/p><\/div> <\/div> <\/div><\/div><\/div><div class=\"w-tabs-section\" id=\"1555339214057-f189582d-eae8\"><a href=\"#1555339214057-f189582d-eae8\" class=\"w-tabs-section-header\"><div class=\"w-tabs-section-header-h\"><h5 class=\"w-tabs-section-title\">\u00bfQu\u00e9 hay que hacer para proponer a uno de nuestros estudiantes en pr\u00e1cticas como MOVER? <\/h5><div class=\"w-tabs-section-control\"><\/div><\/div><\/a><div class=\"w-tabs-section-content\"><div class=\"w-tabs-section-content-h i-cf\"><div class=\"wpb_text_column \"><div class=\"wpb_wrapper\"><p>Una vez hayamos enviado a tu empresa el listado con los nombres de los estudiantes que cumplen con los requisitos acad\u00e9micos para ser Movers by FUE y que realizan pr\u00e1cticas con vosotros, lo \u00fanico que necesitaremos ser\u00e1 que identifiqu\u00e9is a aquellos perfiles especiales dentro de vuestra compa\u00f1\u00eda que est\u00e9n demostrando un desempe\u00f1o excepcional.<\/p><\/div> <\/div> <\/div><\/div><\/div><div class=\"w-tabs-section\" id=\"1555339214071-03eb7ba3-43df\"><a href=\"#1555339214071-03eb7ba3-43df\" class=\"w-tabs-section-header\"><div class=\"w-tabs-section-header-h\"><h5 class=\"w-tabs-section-title\">\u00bfQu\u00e9 requisitos deben cumplir los MOVERS? <\/h5><div class=\"w-tabs-section-control\"><\/div><\/div><\/a><div class=\"w-tabs-section-content\"><div class=\"w-tabs-section-content-h i-cf\"><div class=\"wpb_text_column \"><div class=\"wpb_wrapper\"><p>En primer lugar, deben cumplir con el requisito acad\u00e9mico m\u00ednimo para poder ser valorado como aspirante a Mover by FUE.<\/p>\n<p>Si cumplen con este primer criterio, desde FUE ser\u00e1n propuestos a las empresas en las que desarrollan sus pr\u00e1cticas. Estos tendr\u00e1n que decidir, en funci\u00f3n del desarrollo de sus pr\u00e1cticas, si pasan a la siguiente fase.<\/p>\n<p>A estos estudiantes destacados se les pedir\u00e1 participar en un proceso de selecci\u00f3n dise\u00f1ado para detectar a los aut\u00e9nticos Movers by FUE.<\/p>\n<p>Una vez que la FUE, la Fundaci\u00f3n Rafael del Pino y la Direcci\u00f3n de los Programas de Pr\u00e1cticas reciban toda esta informaci\u00f3n, se har\u00e1 la selecci\u00f3n de los 20 Movers by FUE para que formen parte de esta nueva edici\u00f3n.<\/p><\/div> <\/div> <\/div><\/div><\/div><div class=\"w-tabs-section\" id=\"1555339214087-9cc93832-841b\"><a href=\"#1555339214087-9cc93832-841b\" class=\"w-tabs-section-header\"><div class=\"w-tabs-section-header-h\"><h5 class=\"w-tabs-section-title\">\u00bfQu\u00e9 tiempo hay para presentar una candidatura? <\/h5><div class=\"w-tabs-section-control\"><\/div><\/div><\/a><div class=\"w-tabs-section-content\"><div class=\"w-tabs-section-content-h i-cf\"><div class=\"wpb_text_column \"><div class=\"wpb_wrapper\"><p>Una vez os enviemos los posibles candidatos, os informaremos de la fecha l\u00edmite para la presentaci\u00f3n de candidaturas.<\/p><\/div> <\/div> <\/div><\/div><\/div><\/div><\/div><\/div>[vc_empty_space height=\u00bb80px\u00bb]<\/div><\/div><\/div><\/div><\/div><\/section><!-- Row Backgrounds --><div class=\"upb_bg_img\" data-ultimate-bg=\"url(https:\/\/moversbyfue.com\/secciones\/wp-content\/uploads\/2016\/09\/BACKGROUND_EMPRESA.jpg)\" data-image-id=\"id^6051|url^http:\/\/www.moversbyfue.com\/wp-content\/uploads\/2016\/09\/BACKGROUND_EMPRESA.jpg|caption^null|alt^null|title^background_empresa|description^null\" data-ultimate-bg-style=\"vcpb-vz-jquery\" data-bg-img-repeat=\"no-repeat\" data-bg-img-size=\"cover\" data-bg-img-position=\"\" data-parallx_sense=\"30\" data-bg-override=\"0\" data-bg_img_attach=\"scroll\" data-upb-overlay-color=\"\" data-upb-bg-animation=\"\" data-fadeout=\"\" data-bg-animation=\"left-animation\" data-bg-animation-type=\"h\" data-animation-repeat=\"repeat\" data-fadeout-percentage=\"30\" data-parallax-content=\"\" data-parallax-content-sense=\"30\" data-row-effect-mobile-disable=\"true\" data-img-parallax-mobile-disable=\"true\" data-rtl=\"false\"  data-custom-vc-row=\"\"  data-vc=\"5.0.1\"  data-is_old_vc=\"\"  data-theme-support=\"\"   data-overlay=\"false\" data-overlay-color=\"\" data-overlay-pattern=\"\" data-overlay-pattern-opacity=\"\" data-overlay-pattern-size=\"\"    ><\/div>\n","protected":false},"excerpt":{"rendered":"[vc_custom_heading text=\"AY\u00daDANOS\" font_container=\"tag:div|font_size:55px|text_align:center|color:%23ff2b58|line_height:1.3\" use_theme_fonts=\"yes\"][vc_empty_space]\u00a1AY\u00daDANOS A IDENTIFICAR A LOS ESTUDIANTES QUE DESTAQUEN POR SU IMPLICACI\u00d3N Y SU ESFUERZO DIARIO EN VUESTRA EMPRESA, AQUELLOS QUE PUEDAN FORMAR PARTE DE...","protected":false},"author":1,"featured_media":0,"parent":0,"menu_order":0,"comment_status":"closed","ping_status":"closed","template":"","meta":{"footnotes":""},"_links":{"self":[{"href":"https:\/\/moversbyfue.com\/secciones\/wp-json\/wp\/v2\/pages\/6038"}],"collection":[{"href":"https:\/\/moversbyfue.com\/secciones\/wp-json\/wp\/v2\/pages"}],"about":[{"href":"https:\/\/moversbyfue.com\/secciones\/wp-json\/wp\/v2\/types\/page"}],"author":[{"embeddable":true,"href":"https:\/\/moversbyfue.com\/secciones\/wp-json\/wp\/v2\/users\/1"}],"replies":[{"embeddable":true,"href":"https:\/\/moversbyfue.com\/secciones\/wp-json\/wp\/v2\/comments?post=6038"}],"version-history":[{"count":21,"href":"https:\/\/moversbyfue.com\/secciones\/wp-json\/wp\/v2\/pages\/6038\/revisions"}],"predecessor-version":[{"id":7140,"href":"https:\/\/moversbyfue.com\/secciones\/wp-json\/wp\/v2\/pages\/6038\/revisions\/7140"}],"wp:attachment":[{"href":"https:\/\/moversbyfue.com\/secciones\/wp-json\/wp\/v2\/media?parent=6038"}],"curies":[{"name":"wp","href":"https:\/\/api.w.org\/{rel}","templated":true}]}}